{"id":5520,"date":"2021-09-01T19:29:08","date_gmt":"2021-09-01T17:29:08","guid":{"rendered":"https:\/\/hudyka.pl\/wypozyczalnia\/?post_type=product&#038;p=5520"},"modified":"2024-03-19T10:18:52","modified_gmt":"2024-03-19T09:18:52","slug":"wertykulator-spalinowy-sr50h60","status":"publish","type":"product","link":"https:\/\/hudyka.pl\/wypozyczalnia\/oferta\/wertykulator-spalinowy-sr50h60\/","title":{"rendered":"Wertykulator spalinowy SR50H60"},"content":{"rendered":"<p><a href=\"https:\/\/hudyka.pl\/wypozyczalnia\/wp-content\/uploads\/2021\/09\/AG-SR_40R45-50H60_2010_rev1.pdf\">AG-SR_40R45-50H60_2010_rev1<\/a><\/p>\n<p>&nbsp;<\/p>\n<p>&nbsp;<\/p>\n<p>&nbsp;<\/p>\n<p>&nbsp;<\/p>\n<p>&nbsp;<\/p>\n","protected":false},"excerpt":{"rendered":"<div class=\"woocommerce-product-details__short-description\">\n<p><strong>Dane techniczne:<\/strong><\/p>\n<ul>\n<li><b>silnik<\/b>: Honda GP160<\/li>\n<li><b>pojemno\u015b\u0107<\/b>: 160cm3<\/li>\n<li><strong>moc<\/strong>: 5,5KM<\/li>\n<li><b>szeroko\u015b\u0107 robocza<\/b>: 50cm<\/li>\n<li><strong>ostrza<\/strong>: wahliwe<\/li>\n<li><strong>g\u0142\u0119boko\u015b\u0107 robocza<\/strong>: regulowana z pami\u0119ci\u0105 po\u0142o\u017cenia<\/li>\n<li><b>ko\u0142a: <\/b>metalowe, \u0142o\u017cyskowane<\/li>\n<li><b>Waga<\/b>: 65Kg<\/li>\n<\/ul>\n<\/div>\n","protected":false},"featured_media":5521,"template":"","meta":[],"_links":{"self":[{"href":"https:\/\/hudyka.pl\/wypozyczalnia\/wp-json\/wp\/v2\/product\/5520"}],"collection":[{"href":"https:\/\/hudyka.pl\/wypozyczalnia\/wp-json\/wp\/v2\/product"}],"about":[{"href":"https:\/\/hudyka.pl\/wypozyczalnia\/wp-json\/wp\/v2\/types\/product"}],"wp:featuredmedia":[{"embeddable":true,"href":"https:\/\/hudyka.pl\/wypozyczalnia\/wp-json\/wp\/v2\/media\/5521"}],"wp:attachment":[{"href":"https:\/\/hudyka.pl\/wypozyczalnia\/wp-json\/wp\/v2\/media?parent=5520"}],"curies":[{"name":"wp","href":"https:\/\/api.w.org\/{rel}","templated":true}]}}