{"id":5536,"date":"2021-09-02T10:18:48","date_gmt":"2021-09-02T08:18:48","guid":{"rendered":"https:\/\/hudyka.pl\/wypozyczalnia\/?post_type=product&#038;p=5536"},"modified":"2024-02-23T08:42:24","modified_gmt":"2024-02-23T07:42:24","slug":"zageszczarka-spalinowa-dpu3750-wacker","status":"publish","type":"product","link":"https:\/\/hudyka.pl\/wypozyczalnia\/oferta\/zageszczarka-spalinowa-dpu3750-wacker\/","title":{"rendered":"Zag\u0119szczarka spalinowa DPU3750 Wacker"},"content":{"rendered":"<p><a href=\"https:\/\/hudyka.pl\/wypozyczalnia\/wp-content\/uploads\/2021\/09\/Instrukcja-obslugi-1.pdf\">Instrukcja obs\u0142ugi<\/a><\/p>\n<p>&nbsp;<\/p>\n","protected":false},"excerpt":{"rendered":"<div class=\"woocommerce-product-details__short-description\">\n<div class=\"woocommerce-product-details__short-description\">\n<p><strong>Dane techniczne:<\/strong><\/p>\n<ul>\n<li><b>silnik<\/b>: Hatz 1 B 30<\/li>\n<li><strong>typ silnika<\/strong>: spalinowy diesel<\/li>\n<li><b>pojemno\u015b\u0107<\/b>: 347cm3<\/li>\n<li><strong>moc: <\/strong>7,3KM \/ 5,4 kW<\/li>\n<li><b>pojemno\u015b\u0107 zbiornika paliwa<\/b>: 5l<\/li>\n<li><strong>zu\u017cycie paliwa<\/strong>: 0,6 l\/h<\/li>\n<li><strong>maksymalna wydajno\u015b\u0107 powierzchniowa<\/strong>: 810 m2\/h<\/li>\n<li><b>pr\u0119dko\u015b\u0107 robocza<\/b>: 27 m\/min (w zale\u017cno\u015bci od gruntu i od czynnik\u00f3w zewn\u0119trznych)<\/li>\n<li><strong>si\u0142a od\u015brodkowa<\/strong>: 37 kN<\/li>\n<li><strong>szeroko\u015b\u0107 p\u0142yty roboczej<\/strong>: 500mm<\/li>\n<li><strong>d\u0142ugo\u015b\u0107 p\u0142yty roboczej<\/strong>: 703 mm<\/li>\n<li><strong>grubo\u015b\u0107 p\u0142yty roboczej<\/strong>: 10 mm<\/li>\n<li><strong>wibracje d\u0142o\u0144 \/ rami\u0119<\/strong>: 1,5 m\/s<big>\u00b2<\/big><\/li>\n<li><b>Waga<\/b>: 247Kg<\/li>\n<\/ul>\n<\/div>\n<\/div>\n","protected":false},"featured_media":5538,"template":"","meta":[],"_links":{"self":[{"href":"https:\/\/hudyka.pl\/wypozyczalnia\/wp-json\/wp\/v2\/product\/5536"}],"collection":[{"href":"https:\/\/hudyka.pl\/wypozyczalnia\/wp-json\/wp\/v2\/product"}],"about":[{"href":"https:\/\/hudyka.pl\/wypozyczalnia\/wp-json\/wp\/v2\/types\/product"}],"wp:featuredmedia":[{"embeddable":true,"href":"https:\/\/hudyka.pl\/wypozyczalnia\/wp-json\/wp\/v2\/media\/5538"}],"wp:attachment":[{"href":"https:\/\/hudyka.pl\/wypozyczalnia\/wp-json\/wp\/v2\/media?parent=5536"}],"curies":[{"name":"wp","href":"https:\/\/api.w.org\/{rel}","templated":true}]}}