{"id":5595,"date":"2021-09-10T15:40:30","date_gmt":"2021-09-10T13:40:30","guid":{"rendered":"https:\/\/hudyka.pl\/wypozyczalnia\/?post_type=product&#038;p=5595"},"modified":"2024-03-19T10:17:47","modified_gmt":"2024-03-19T09:17:47","slug":"walec-ogrodowy-80cm","status":"publish","type":"product","link":"https:\/\/hudyka.pl\/wypozyczalnia\/oferta\/walec-ogrodowy-80cm\/","title":{"rendered":"Walec ogrodowy 80cm"},"content":{"rendered":"","protected":false},"excerpt":{"rendered":"<div class=\"woocommerce-product-details__short-description\">\n<p>Walec nape\u0142niany wod\u0105.<\/p>\n<p>Szeroko\u015b\u0107 80 cm, \u015brednica 30 cm.<\/p>\n<p>Pojemno\u015b\u0107 walca 60 litr\u00f3w<\/p>\n<p>Demontowana r\u0105czka<\/p>\n<\/div>\n","protected":false},"featured_media":5596,"template":"","meta":[],"_links":{"self":[{"href":"https:\/\/hudyka.pl\/wypozyczalnia\/wp-json\/wp\/v2\/product\/5595"}],"collection":[{"href":"https:\/\/hudyka.pl\/wypozyczalnia\/wp-json\/wp\/v2\/product"}],"about":[{"href":"https:\/\/hudyka.pl\/wypozyczalnia\/wp-json\/wp\/v2\/types\/product"}],"wp:featuredmedia":[{"embeddable":true,"href":"https:\/\/hudyka.pl\/wypozyczalnia\/wp-json\/wp\/v2\/media\/5596"}],"wp:attachment":[{"href":"https:\/\/hudyka.pl\/wypozyczalnia\/wp-json\/wp\/v2\/media?parent=5595"}],"curies":[{"name":"wp","href":"https:\/\/api.w.org\/{rel}","templated":true}]}}