{"id":5609,"date":"2021-09-11T09:58:43","date_gmt":"2021-09-11T07:58:43","guid":{"rendered":"https:\/\/hudyka.pl\/wypozyczalnia\/?post_type=product&#038;p=5609"},"modified":"2025-03-27T10:45:50","modified_gmt":"2025-03-27T09:45:50","slug":"wertykulator-spalinowy-srh40l65","status":"publish","type":"product","link":"https:\/\/hudyka.pl\/wypozyczalnia\/oferta\/wertykulator-spalinowy-srh40l65\/","title":{"rendered":"Wertykulator spalinowy SRH40L65"},"content":{"rendered":"<p><a href=\"https:\/\/hudyka.pl\/wypozyczalnia\/wp-content\/uploads\/2021\/09\/Instrukcja-obslugi-5.pdf\">Instrukcja obs\u0142ugi<\/a><\/p>\n<p>&nbsp;<\/p>\n<p>&nbsp;<\/p>\n<p>&nbsp;<\/p>\n<p>&nbsp;<\/p>\n","protected":false},"excerpt":{"rendered":"<div class=\"woocommerce-product-details__short-description\">\n<div class=\"woocommerce-product-details__short-description\">\n<p><strong>Dane techniczne:<\/strong><\/p>\n<ul>\n<li><b>silnik<\/b>: Loncin<\/li>\n<li><b>pojemno\u015b\u0107<\/b>: 182cm3<\/li>\n<li><strong>moc<\/strong>: 5,5KM<\/li>\n<li><b>szeroko\u015b\u0107 robocza<\/b>: 40cm<\/li>\n<li><strong>ostrza<\/strong>: wahliwe<\/li>\n<li><strong>g\u0142\u0119boko\u015b\u0107 robocza<\/strong>: regulowana z pami\u0119ci\u0105 po\u0142o\u017cenia<\/li>\n<li><b>ko\u0142a: <\/b>z tworzywa<\/li>\n<li>kosz: 35l<\/li>\n<li><b>Waga<\/b>: 44Kg<\/li>\n<\/ul>\n<\/div>\n<\/div>\n","protected":false},"featured_media":5615,"template":"","meta":[],"_links":{"self":[{"href":"https:\/\/hudyka.pl\/wypozyczalnia\/wp-json\/wp\/v2\/product\/5609"}],"collection":[{"href":"https:\/\/hudyka.pl\/wypozyczalnia\/wp-json\/wp\/v2\/product"}],"about":[{"href":"https:\/\/hudyka.pl\/wypozyczalnia\/wp-json\/wp\/v2\/types\/product"}],"wp:featuredmedia":[{"embeddable":true,"href":"https:\/\/hudyka.pl\/wypozyczalnia\/wp-json\/wp\/v2\/media\/5615"}],"wp:attachment":[{"href":"https:\/\/hudyka.pl\/wypozyczalnia\/wp-json\/wp\/v2\/media?parent=5609"}],"curies":[{"name":"wp","href":"https:\/\/api.w.org\/{rel}","templated":true}]}}