{"id":5854,"date":"2022-04-16T08:51:12","date_gmt":"2022-04-16T06:51:12","guid":{"rendered":"https:\/\/hudyka.pl\/wypozyczalnia\/?post_type=product&#038;p=5854"},"modified":"2022-04-16T08:59:17","modified_gmt":"2022-04-16T06:59:17","slug":"drabina-3-elementowa","status":"publish","type":"product","link":"https:\/\/hudyka.pl\/wypozyczalnia\/oferta\/drabina-3-elementowa\/","title":{"rendered":"Drabina 3-elementowa"},"content":{"rendered":"<div id=\"product-description-short-132\" class=\"product-description-short rte\">\n<p>Mo\u017cliwo\u015b\u0107 roz\u0142o\u017cenia drabiny w pozycji przystawnej, wolnostoj\u0105cej i z wysuni\u0119tym trzecim elementem.<br \/>\nAntypo\u015blizgowe zaciskowe stopki o p\u00f3\u0142okr\u0105g\u0142ym kszta\u0142cie.<br \/>\nT\u0142oczone szczeble o profilu 28 x 28mm.<br \/>\nDodatkowe odbojniki u\u0142atwiaj\u0105 ustawienie drabiny w pozycji wolnostoj\u0105cej.<br \/>\nMo\u017cliwo\u015b\u0107 roz\u0142o\u017cenia drabiny na schodach.<\/p>\n<\/div>\n","protected":false},"excerpt":{"rendered":"<p>Wysoko\u015b\u0107 drabiny:<br \/>\nD3 &#8211; 6,45m<br \/>\nD &#8211; 4,8m<br \/>\nD2 &#8211; 2,98m<br \/>\nC &#8211; 0,46m<br \/>\nG &#8211; 0,175m<br \/>\nA2 &#8211; 4,23m<br \/>\nB2 &#8211; 2,23m<br \/>\nA &#8211; 5,3m<br \/>\nB &#8211; 3,3m<br \/>\nB3 &#8211; 5,35m<br \/>\nA3 &#8211; 7,35m<\/p>\n<p>Max. obci\u0105\u017cenie: 150kg<br \/>\nWaga: 16,5kg<\/p>\n","protected":false},"featured_media":5858,"template":"","meta":[],"_links":{"self":[{"href":"https:\/\/hudyka.pl\/wypozyczalnia\/wp-json\/wp\/v2\/product\/5854"}],"collection":[{"href":"https:\/\/hudyka.pl\/wypozyczalnia\/wp-json\/wp\/v2\/product"}],"about":[{"href":"https:\/\/hudyka.pl\/wypozyczalnia\/wp-json\/wp\/v2\/types\/product"}],"wp:featuredmedia":[{"embeddable":true,"href":"https:\/\/hudyka.pl\/wypozyczalnia\/wp-json\/wp\/v2\/media\/5858"}],"wp:attachment":[{"href":"https:\/\/hudyka.pl\/wypozyczalnia\/wp-json\/wp\/v2\/media?parent=5854"}],"curies":[{"name":"wp","href":"https:\/\/api.w.org\/{rel}","templated":true}]}}