{"id":5908,"date":"2025-09-05T08:47:13","date_gmt":"2025-09-05T06:47:13","guid":{"rendered":"https:\/\/hudyka.pl\/wypozyczalnia\/?post_type=product&#038;p=5908"},"modified":"2025-09-05T08:56:35","modified_gmt":"2025-09-05T06:56:35","slug":"myjka-cisnieniowa-oleo-mac","status":"publish","type":"product","link":"https:\/\/hudyka.pl\/wypozyczalnia\/oferta\/myjka-cisnieniowa-oleo-mac\/","title":{"rendered":"Myjka ci\u015bnieniowa Oleo-Mac"},"content":{"rendered":"<p><a href=\"https:\/\/hudyka.pl\/wypozyczalnia\/wp-content\/uploads\/2021\/10\/Instrukcja-obslugi.pdf\">file:\/\/\/C:\/Users\/AGROS%20Kamil\/Downloads\/k250_-_instrukcja_obs_ugi.pdf<\/a><\/p>\n<p>\u2022 Wytrzyma\u0142y 4-biegunowy silnik (1400 obr.\/min.), uzwojenia zabezpieczone lakierem<br \/>\n\u2022 Pompa rz\u0119dowa typu LW-K z 3 zintegrowanymi t\u0142okami ceramicznymi<br \/>\n\u2022 Regulowany pob\u00f3r detergentu pod niskim ci\u015bnieniem<br \/>\n\u2022 Samo-zasysaj\u0105ca pompa<br \/>\n\u2022 Wytrzyma\u0142a obudowa z wtryskiwanego, modu\u0142owego tworzywa<br \/>\n\u2022 Du\u017ce ko\u0142a (\u00d8 220 mm) u\u0142atwiaj\u0105ce manewrowanie<br \/>\n\u2022 Uchwyty na lance i pistolet<br \/>\n\u2022 Manometr<br \/>\n\u2022 TotalStop<br \/>\n\u2022 Termiczny wy\u0142\u0105cznik przeci\u0105\u017ceniowy<\/p>\n","protected":false},"excerpt":{"rendered":"<div class=\"std\">\n<p><span style=\"font-family: Times New Roman, serif\">Dane techniczne: <\/span><span style=\"font-family: Times New Roman, serif\"><br \/>\n<\/span><\/p>\n<p>Maks. ci\u015bnienie: 210 bar<\/p>\n<p>Maks. wydajno\u015b\u0107: 660l\/h<\/p>\n<p>Temperatura maks: 60 stopni<\/p>\n<p>W\u0105\u017c ci\u015bnieniowy: 15m<\/p>\n<p>Wbudowany zbiornik na detergent<\/p>\n<p>Zasilanie: 400V<\/p>\n<p>Waga: 50kg<\/p>\n<p>&nbsp;<\/p>\n<\/div>\n","protected":false},"featured_media":5909,"template":"","meta":[],"_links":{"self":[{"href":"https:\/\/hudyka.pl\/wypozyczalnia\/wp-json\/wp\/v2\/product\/5908"}],"collection":[{"href":"https:\/\/hudyka.pl\/wypozyczalnia\/wp-json\/wp\/v2\/product"}],"about":[{"href":"https:\/\/hudyka.pl\/wypozyczalnia\/wp-json\/wp\/v2\/types\/product"}],"wp:featuredmedia":[{"embeddable":true,"href":"https:\/\/hudyka.pl\/wypozyczalnia\/wp-json\/wp\/v2\/media\/5909"}],"wp:attachment":[{"href":"https:\/\/hudyka.pl\/wypozyczalnia\/wp-json\/wp\/v2\/media?parent=5908"}],"curies":[{"name":"wp","href":"https:\/\/api.w.org\/{rel}","templated":true}]}}